ded by 4/10 - 26/(-10).
0
Suppose 3*q + 4*a - 88 = 3*a, -3*q - 4*a = -82. Suppose -5*i - 4 = -4*d, 0 = -5*d + 3*i + 5. Calculate the remainder when q is divided by d/((-2)/(-26)) + -2.
8
Let z(u) = -2*u - 1. Let c(n) = -3*n**3 - 3*n**2 - 2*n - 3. What is the remainder when c(-2) is divided by z(-3)?
3
Suppose 4*l + 0*l = 16. Suppose 0 = -2*c - l + 42. What is the remainder when c is divided by 10?
9
Suppose -81 = -0*x + 3*x. Let m(c) = c**3 - 5*c**2 + 2*c + 4. Let l be m(4). Let s = l - x. What is the remainder when s is divided by 8?
7
Suppose 0 = 4*h + 20, -4*h + 31 = 5*g + 6. What is the remainder when g is divided by 5?
4
Let f be (5/(-2))/((-2)/4). Suppose -f*v + 6 = -14. Let d = 0 - -2. What is the remainder when v is divided by d?
0
Let p(u) = u**2 + 9*u + 3. Let o be p(-8). Let s = -2 + 8. What is the remainder when 1*(o - -3) - -13 is divided by s?
5
Suppose 0*b = -3*b. Suppose b*v + 28 = -v. Let t = v + 54. Calculate the remainder when t is divided by 14.
12
Suppose 2*s + 100 = 6*s. Suppose -188 - 4 = -4*n. Suppose -3*v = 5*t - 36, 0 = 4*t - v - 3*v - n. What is the remainder when s is divided by t?
7
Let t(f) = -f**2 - 15*f - 17. Calculate the remainder when t(-12) is divided by 11.
8
Let f(k) be the first derivative of -5*k**2 - 15*k - 3. What is the remainder when f(-10) is divided by 22?
19
Calculate the remainder when (44/(-6))/(3/(-18)) is divided by 24.
20
Let y = 2 + -2. Let j be 77/3 - 1/(-3). Suppose 4*l + 5*u - 50 = 0, 2*u + j = 3*l - y*u. Calculate the remainder when 18 is divided by l.
8
Suppose 3*r - 62 = -s - 12, 2*r = -3*s + 31. What is the remainder when r is divided by 2 - 7/(-1)*(-3)/(-3)?
8
Let o be (-4 + 3)*(0 - 0). Suppose -c = u - 56 + 20, -4 = 4*c. What is the remainder when u is divided by (o - -2)*39/6?
11
Let x(t) = -8*t + 4. Let f be x(2). Let b = -5 - f. What is the remainder when b is divided by 2?
1
Suppose 5*d + w = 58 + 31, 0 = -d + w + 13. What is the remainder when 390/8 + 6/24 is divided by d?
15
Let p = 3 - 5. What is the remainder when 19 is divided by 8/p*(-14)/8?
5
Let g be -2 + 1 - (-72)/1. Let v = g + -48. Suppose -2*m = m - x - 29, 5*x + 65 = 5*m. Calculate the remainder when v is divided by m.
7
Let y(o) = -o**3 - o**2 - 6*o + 5. Let x(k) = -2*k**3 - 3*k**2 - 13*k + 11. Let s(t) = 2*x(t) - 5*y(t). What is the remainder when s(2) is divided by 5?
4
Suppose -n = 5*f - 70, -100 = 3*f - 8*f + 5*n. Calculate the remainder when 58 is divided by f.
13
Suppose j = 1 + 22. Calculate the remainder when 66 is divided by j.
20
Let l = -23 - -42. Let g = 3 - -1. Suppose 4*s - z = 18 + 18, 4*s = -g*z + 56. Calculate the remainder when l is divided by s.
9
What is the remainder when (-1554)/(-60) - 1/(-10) is divided by ((-2)/(-4))/(1/14)?
5
Let v(k) = -k**2 - 21*k - 6. Let x be v(-15). Suppose 9 - x = -5*z. What is the remainder when 42 is divided by z?
12
Let q(z) = z + 1. Let c be q(3). Let h(u) = 5*u + 6. What is the remainder when h(c) is divided by 9?
8
Calculate the remainder when (-2)/(-6) + (-9)/((-189)/728) is divided by 19.
16
Let r(t) = t**2 - t - 6. Let j be r(6). What is the remainder when 37 is divided by -3*j/(-9) + 2?
7
Let l(q) = q**3 - 8*q**2 + q - 12. Let s be l(8). Let n = 1 - s. Calculate the remainder when 8 is divided by n.
3
What is the remainder when 38 is divided by (-1 - (-10)/4)/(30/200)?
8
Let x(f) = 3*f**2 - 5*f - 7. What is the remainder when 255 is divided by x(5)?
40
Suppose 0 = g - 2*z - 1 + 7, -2*g = 3*z - 23. Calculate the remainder when 11 is divided by g.
3
Let y(h) be the second derivative of 7*h**4/12 + h**3/3 - h**2 - 3*h. Let w be y(-2). Suppose -3*n + 145 = w. Calculate the remainder when n is divided by 21.
20
Suppose 2*r - 4 = 8. Calculate the remainder when 11 is divided by r.
5
What is the remainder when 29 is divided by (1 - 3)*-4 - 0?
5
Suppose -h + 12 = 2*h. Suppose h*j - 3 = 17. Suppose -j*i + 0*z - 4*z = -59, 5*i - 60 = -5*z. Calculate the remainder when 19 is divided by i.
8
Let g(w) = w**3 - w**2 - w - 2. What is the remainder when g(3) is divided by 5?
3
Suppose -2*m - 23 = -4*m - 5*w, m - 3*w - 6 = 0. Calculate the remainder when m is divided by 8.
1
Suppose 6*f - 4*f = 0. Suppose -3*c + 31 = -4*z, 3*c - 2*z - 7 - 16 = f. Calculate the remainder when (64/20 - 0)/((-2)/(-5)) is divided by c.
3
Let l = -200 + 286. Calculate the remainder when l is divided by 29.
28
Let b = -6 + 9. Suppose -b*k - 32 = -4*k. Let p = 14 + -3. What is the remainder when k is divided by p?
10
Suppose -58 = -3*f + 2*f - 4*m, 5*f - m = 395. Let k = f - 55. Calculate the remainder when k is divided by 12.
11
Let a(q) = 3*q**2 - 2*q - 4. Let n be a(-4). Let v = 6 + n. What is the remainder when v is divided by 15?
13
Let p(c) be the third derivative of c**5/20 + c**4/8 + 2*c**2. Calculate the remainder when p(-2) is divided by (-44)/(-10) - (-6)/(-15).
2
Calculate the remainder when -6*(-4 + 4/8) is divided by 11.
10
Suppose -t - 16 = 2*c - 50, -51 = -3*c + t. Suppose -3*p - 24 = p. Calculate the remainder when (-3)/(p/(-50))*-2 is divided by c.
16
Let k(t) = -t**3 - 4*t**2 + 4*t - 10. What is the remainder when k(-7) is divided by 16?
13
Let k(y) be the second derivative of y**4/4 - y. Calculate the remainder when k(2) is divided by 7.
5
Let z = -25 - -56. Calculate the remainder when z is divided by 9.
4
Suppose -5*d + 5 + 0 = 5*n, 0 = -4*d + n + 19. What is the remainder when d is divided by 3?
1
Let s be ((-555)/(-6))/5*-2. Let u(x) = 12*x - 4. Let y be u(-4). Let c = s - y. What is the remainder when 28 is divided by c?
13
Let g = 0 + -3. Calculate the remainder when 7 + (g - -5)/1 is divided by 5.
4
Let h be 16/2 - (1 - 2). Let n be 102/h*(2 + 1). Let p = n + -18. What is the remainder when p is divided by 9?
7
Let w = 111 - 92. Let o = 9 + 2. Suppose 33 = 5*x + 4*p, x + o = 4*x - 2*p. Calculate the remainder when w is divided by x.
4
Let y be 2/16*10*-8. What is the remainder when (3 + -5 + y)*-1 is divided by 7?
5
Suppose -2*j = 4, -4*j = -4*p - 0*j + 48. Calculate the remainder when p is divided by 2.
0
Suppose 4*r - 3*r = 27. What is the remainder when r is divided by 16?
11
Let j = -104 + 175. What is the remainder when j is divided by 24?
23
Suppose 4*z - 129 = -4*o - z, 2*o - 64 = -2*z. Calculate the remainder when 91 is divided by o.
29
Suppose 0*a - 8 = 2*a. Let d be ((-18)/(-8))/(1/a). Let m(k) = -2*k + 10. Calculate the remainder when m(d) is divided by 10.
8
Suppose 0*v - v = 0. Suppose -85 = -3*b - 2*b + 5*i, v = -3*i. Calculate the remainder when b is divided by 6.
5
Let l(q) = -q**3 - 6*q**2 - 6*q - 4. Let m be l(-5). Let d = m + 7. Calculate the remainder when 15 is divided by d.
7
Let n = 127 + -118. What is the remainder when 11 is divided by n?
2
Suppose 5*t - 19 = -4, -3*h = 3*t - 66. Calculate the remainder when h is divided by 11.
8
Let a be -10 - (-3 - (2 + -2)). Let c = -5 - a. Let w = c - -48. Calculate the remainder when w is divided by 17.
16
Let s(a) = -a**3 - 8*a**2 + 10*a + 11. Let w be s(-9). Suppose 6*l = w*l + 132. What is the remainder when l is divided by 9?
6
Let q(v) = v - 7. Let h(k) be the second derivative of k**2/2 - 2*k. Let l(x) = 5*h(x) + q(x). What is the remainder when l(6) is divided by 3?
1
Suppose 0 = w - 38 - 6. What is the remainder when w/16 + 3/(-4) is divided by 1?
0
Calculate the remainder when (-58)/(-2) - (0 + -2) is divided by (-114)/(-7) - 16/56.
15
Suppose -r + 5*r - 83 = -o, 3*o - 4*r - 297 = 0. Suppose 0 = a + 4*a - o. Calculate the remainder when 56 is divided by a.
18
Suppose 3*x + x = 44. Calculate the remainder when 30 is divided by x.
8
Let k(w) = 4*w - 16. Let m be (-27)/(-2)*(-14)/(-21). Calculate the remainder when k(m) is divided by 11.
9
Let w(h) = -h**3 + 2*h + 4. Let j be w(-3). Suppose -4*f + 113 = -t, -f - 4*t = -t - j. Calculate the remainder when f is divided by 1/3 + (-58)/(-6).
8
Let s(g) = g**2 - 3*g. Suppose -3*w = -9 - 6. What is the remainder when 29 is divided by s(w)?
9
Let y(i) = -i + 1. Let r(s) = 4*s - 4. Let o be r(6). Suppose -o - 29 = 4*d + 5*f, 5 = -5*d + 5*f. Calculate the remainder when y(d) is divided by 4.
3
Suppose -5*w - 3*g = -0*g - 9, 2*g + 4 = 0. Suppose w*s - s - 4 = 0. Calculate the remainder when (18 - 0) + (3 - s) is divided by 10.
9
Let u(c) = -c**3 - 4*c**2 + 